ate y(g).
15
Let h(m) = 22*m**3 + 52*m**3 - 72*m**3 - 3*m**2 - 4*m + m**2 + 13 + 13*m**2. Determine h(-6).
1
Let g be (-9)/(-6)*2 + (2 - 2). Suppose -g*i + 5 = -4. Let t(u) = 3 - 16*u + 8*u + 4*u + i*u. Determine t(-3).
6
Let j(u) = u**3 + 12*u**2 + 2*u + 26. Let s be j(-12). Let g(w) = -1 + 2*w + 24*w**s - 25*w**2 - 3*w. Let d = -13 + 11. Calculate g(d).
-3
Let k be (-2)/((-1 + 4)/(-21 + 24)). Let y(c) be the first derivative of 0*c**3 + 2 - 1/4*c**4 - 2*c - 1/2*c**2. What is y(k)?
8
Let u(s) = -8*s**2 + 90*s + 11. Let o(r) = 7*r**2 - 75*r - 10. Let c(z) = 6*o(z) + 5*u(z). What is c(2)?
3
Suppose 4*c + 2*v - 16 = 0, 0*v = 3*c - 3*v + 6. Suppose c*i = 17 + 29. Let u(s) = -11 + 3*s - 15 + i. What is u(3)?
6
Let w(k) be the first derivative of k**4/4 - k**3/3 + k**2 - 2. Suppose -22*j + j = 44*j - 130. What is w(j)?
8
Let h(r) = -r**2 - r + 101. Let w(b) = -b**2 + 85. Let f(t) = 5*h(t) - 6*w(t). Give f(4).
-9
Let b(t) = -187*t + 12. Let z(a) = -346*a + 26. Let h(k) = -11*b(k) + 6*z(k). Give h(2).
-14
Let r = -249 - -259. Suppose i - 12 = -3*f + r, 5*i + 70 = 5*f. Let a(p) = p**3 - 9*p**2 + p - 11. Determine a(f).
-2
Let n(i) = i - 14. Let p be n(21). Suppose 0*k + p = 2*k + 5*j, -j = -1. Let g be 1 + 6/k*12/(-18). Let x(y) = y**2 + 4*y. What is x(g)?
-3
Let f(g) = -3*g**3 - 2*g**2 - 4. Let l(j) = 10*j**3 + 5*j**2 + 13. Let m(k) = -7*f(k) - 2*l(k). Suppose 322 - 337 = 5*o - 0*o. What is m(o)?
11
Let z(d) be the second derivative of -d**3/2 - 10*d**2 + 15*d. Let x be (-1)/29 + (-10553)/1769. Calculate z(x).
-2
Let s(l) = -l + 1. Let y be s(-7). Let a(z) = 8 + 2 + 9 + z**3 + y*z**2 - 25. Suppose -20 - 20 = 5*b. Determine a(b).
-6
Let z(x) = -12*x - 1. Let f(a) be the second derivative of -13*a**3/6 - a**2/2 - a - 15. Let o(d) = 5*f(d) - 6*z(d). Give o(-3).
-20
Let m(k) be the second derivative of k**4/12 - k**3/2 - k**2 - k. Suppose 71*d + 81 = 10*d + 325. Determine m(d).
2
Suppose -12*a = -1577 + 1565. Let i(f) be the first derivative of f**3 + f + f**2 - 1/4*f**4 - a. Determine i(4).
-7
Let j(k) = k**3 + 14*k**2 + 31*k - 23. Suppose -51*t + 56*t + 55 = 0. Let g be j(t). Let h(s) be the second derivative of s**4/3 + s**2/2 - s. What is h(g)?
5
Let b = 214 + -213. Let s(x) = -2*x - 4*x + 7*x + b + 2*x. Determine s(-4).
-11
Let u = 66 + -63. Suppose 5*r - u*r = 58. Suppose -2*c - r = c + p, -2*c = -4*p + 24. Let x(n) = -n - 13. Calculate x(c).
-3
Let g(x) = -5*x - 13. Let b(k) = -k - 3. Let l(d) = -3*d + 6. Let y be l(5). Let p(u) = y*b(u) + 2*g(u). Let i be 9*(9/(-54))/((-4)/8). What is p(i)?
-2
Let m(q) = -3*q**2 + 3*q + 5. Let x(c) = -c**2 + 6*c - 1. Let k(d) = d + 32. Let l be k(-31). Let i be x(l). Calculate m(i).
-31
Let x(z) = 7*z**2 - 2*z - 5. Let j(a) = a**3 - 83*a**2 - 438*a - 174. Let f be j(88). Give x(f).
19
Suppose -10 = -20*a + 25*a. Let y be 2/(-12) + (a - (-407)/66). Let r(u) = u**2 - 7*u + 10. Determine r(y).
-2
Let v(a) = -4*a**2 - 23*a**2 + 11 + 26*a**2 + 27*a + 23. What is v(28)?
6
Let k(y) = 2*y + 1. Let z be (35/(-10))/7*0. Let p be (2 + -2 + -1)*(z + 1). Let f be 2/3 - (-65)/(-15)*p. Give k(f).
11
Suppose -157 + 438 = 281*n. Let s(d) = -25*d**2 + 3*d - 1. Determine s(n).
-23
Let p(m) = m - 127. Let q(n) = n**2 - 3*n + 252. Let v(d) = 5*p(d) + 2*q(d). Let x(w) be the first derivative of v(w). Determine x(-5).
-21
Let u(h) = h**2 + 10*h + 2. Let c be u(-10). Let n(t) = -8*t + c*t - 2 + 0. What is n(-2)?
10
Let g(s) = 1575*s + 11020. Let p be g(-7). Let w(j) be the second derivative of -j**3/3 - 3*j**2 + j. Determine w(p).
4
Let j(q) be the third derivative of -q**4/12 - q**3 - 1099*q**2. Let p = 2 - 6. Give j(p).
2
Let s(b) = 13*b**2 + 28*b**2 - 42*b**2. Let a = 115 + -113. Calculate s(a).
-4
Let i(g) = 12*g**3 - 33*g**2 - 12*g + 3. Let l be i(3). Let f(k) = k**3 + 9*k**2 + 23*k + 25. Calculate f(l).
-5
Let u = -1099 - -1089. Let a(h) = h**2 + 12*h + 13. Give a(u).
-7
Let f(m) = 1 + 1006*m + 0 - 9 + m**2 - 1007*m - 12. Determine f(6).
10
Let v(r) = r**3 + 17*r**2 - 94*r - 22. Let s be v(-21). Let k = s + -188. Let u(w) = w**3 + w**2 - w + 5. Determine u(k).
5
Let w(u) = u**3 + 13*u**2 + 7*u - 19. Let n be 652/(-54) + 140/1890. Calculate w(n).
41
Let l(g) = -3*g + 1. Let a(h) = 15*h - 5. Let y(n) = -n**2 - 6*n + 3. Let p be y(-7). Let s(w) = p*l(w) - a(w). Calculate s(-2).
7
Let w(c) = 63*c + 57 - 306 + 246. Calculate w(-1).
-66
Let h(v) be the second derivative of v**3/6 - v**2/2 + 2*v. Let x(f) = f**2 + 18*f - 12. Let r be x(-18). Let u be r/(-9)*(4 + -1) - -1. Determine h(u).
4
Let n = -274 + 175. Let q be (-8)/(-6)*n/(-44). Suppose 3*m + 27 - 9 = q*t, -2*t = -5*m - 24. Let l(d) = 3*d + 4. What is l(m)?
-8
Let g(b) = 8*b + 29. Let x be g(-3). Let h(l) = -2*l**2 - 10*l - 1. Let n(v) = 2*v**2 + 12*v + 1. Let w(r) = x*h(r) + 4*n(r). Give w(-2).
-5
Let r(d) = d**3 + 2*d + 3. Suppose -164*a + 24*a - 280 = 0. What is r(a)?
-9
Let t(x) = 7*x**3 + 20*x**2 - 7*x - 5. Let w(a) = -9*a**3 - 23*a**2 + 9*a + 6. Let u(s) = 4*t(s) + 3*w(s). What is u(-11)?
9
Let y(i) be the first derivative of 5*i**2/2 + 2*i - 38. Let g(v) = -4*v - 2. Let t(c) = -6*g(c) - 5*y(c). Give t(-3).
5
Let a be -1 + (-6)/(-9)*-3. Let f be -3*1/a*-2. Let z(m) = -149*m - 141*m - 151*m - 1 + 444*m + 0. Calculate z(f).
-7
Let a = 350 - 347. Let p(d) = d**3 - 3*d**2 + 8*d - 3. Determine p(a).
21
Let m be ((-34)/12 - (-12)/36)/((-30)/4). Let i(n) be the second derivative of -13*n + 3 + m*n**3 - n**2. Give i(-4).
-10
Let b(h) = h**3 - 3*h**2 - 12*h + 9. Let y be 4/5 - 168/35 - -1 - -8. Determine b(y).
-1
Let i be -4 - ((-2)/(-2))/(33/99). Let k(l) be the second derivative of l**4/12 + 3*l**3/2 + 9*l**2/2 - 3*l. Give k(i).
-5
Let j(o) = 38*o + 324. Let k(f) = -37*f - 361. Let a(p) = -4*j(p) - 3*k(p). Calculate a(-5).
-8
Let a(d) be the second derivative of d**6/180 + d**3/3 + 10*d. Let t(u) be the second derivative of a(u). Let s(l) = -l**2 + 4*l + 30. Let w be s(8). Give t(w).
8
Suppose -54*z - 181 + 73 = 0. Let g(i) = 3*i**2 - 6 + 7 + 0*i**2 + i**2. Give g(z).
17
Let i(t) = -2*t**2 - 10*t - 12. Let o(x) = 3*x**2 + 21*x + 23. Let b(a) = -5*i(a) - 3*o(a). Suppose 0*d + 14 = d. What is b(d)?
5
Let t = -3 - 2. Let q = 280 - 277. Let m(a) = -q*a - a**2 + 52 - 58 - 2*a - 3*a. Give m(t).
9
Let c(q) = q**2 + 4*q. Let u = -15 - -17. Suppose 5*n - u*l = -35 + 17, -7 = n + 3*l. Give c(n).
0
Let r(v) = v**2 + 51*v + 102. Suppose -x - c - 5 = 0, 2*x = -2*x + 4*c + 4. Calculate r(x).
4
Let l(w) = 13*w + 4. Let q(k) = k**3 - 5*k**2 - 12*k + 67. Let z be q(4). What is l(z)?
43
Let z(k) = -4*k + 21 - 11 + 36 - k. Give z(10).
-4
Let j(o) = -1 + 9*o + 10*o + 4*o - 22*o. Let v(w) = 11 - 4*w**2 + w**3 - 2*w - 7*w + 13*w - 11*w. Let f be v(5). Calculate j(f).
0
Let z(u) = u**2 + 14*u - 17. Let m be z(-15). Let l be 14/(0/(-5) - m). Let y(a) be the second derivative of -a**4/12 + 7*a**3/6 + a**2 + 20*a. Determine y(l).
2
Let l be 18 - -3 - (5 + -2 + 1). Let h(a) = 8 - l + 4*a - 3*a. Determine h(13).
4
Let j(b) = b**2 + 12*b - 11. Let x be j(-13). Let i(y) = -35 + y**2 + 69 - 33. Let p(d) = 3*d**2 - d + 4. Let h(v) = 7*i(v) - 2*p(v). Calculate h(x).
7
Let j(d) be the second derivative of -1/6*d**3 + 0 + 1/2*d**4 + 62*d - 1/20*d**5 + d**2. Calculate j(6).
-4
Let r(c) be the second derivative of c**3 + 4*c**2 + 443*c + 2. Give r(0).
8
Let w(p) = -p**3 + 3*p**2 - p. Let r be w(2). Let l(g) = 181*g + 0 - 188*g + 0. Determine l(r).
-14
Let c(v) = -v - 35. Suppose -9*u - 4995 = -4914. Determine c(u).
-26
Let m(d) = -3*d**3 - 11*d**2 - 2*d + 1. Let v be m(-3). Let f(l) = 221*l**2 - l**3 - 233*l**2 + 14 - 10*l - 4. Calculate f(v).
-1
Let y be (-333 + 329)*2/(-2). Let x(s) be the second derivative of 0 - 13/3*s**3 - 1/2*s**2 + y*s. Determine x(-1).
25
Let c(x) = 2*x**2 + 24*x - 5. Let y(u) = -3*u**2 - 29*u + 7. Let q(n) = -7*c(n) - 6*y(n). Give q(-5).
63
Let y(z) = -z**2 - 3*z - 7. Let d(w) be the second derivative of -w**5/20 - w**4 + 2*w**3 + 15*w**2/2 - 10*w. Let c be d(-13). Let r = c - 33. Calculate y(r).
-17
Let t(v) = 2*v - 21. Suppose 40 = 3*b - 5*l, b + 2*l + 4 - 10 = 0. What is t(b)?
-1
Let i(o) = -o**3 - 8*o**2 - 14*o - 2. Let u = 1832 + -1838. Give i(u).
10
Let o(t) be the second derivative of -t**5/120 + 11*t**3/6 + 4*t + 2. Let s(r) be the second derivative of o(r). Calculate s(4).
-4
L